he highest common divisor of 12 and s.
12
Let c(j) be the second derivative of -j**5/20 - j**4/6 + j**3 - j**2/2 - 3*j. Let p be c(-5). Calculate the greatest common divisor of 22 and p.
22
Suppose -2*s + 1 + 3 = -3*h, 3*s = 2*h + 6. Suppose -5*r - b + 1157 = h, b = -4*r - 0*b + 926. Calculate the highest common divisor of 21 and r.
21
Suppose 0 = 3*f - 1 + 37. Let a = 25 + f. What is the highest common factor of 26 and a?
13
Let m = -12 - -17. Let d(i) = -3*i**2 + i + 4*i**2 + 4 - m. Let z be d(3). Calculate the highest common factor of z and 22.
11
Let k(w) = w**2 + 4*w + 1. Let f be k(-5). What is the greatest common factor of f and 3?
3
Suppose 0 = 2*h - 5*h + 9. Let x(s) = s. Let j be x(h). Let y(b) = -b - 13. Let l be y(-15). What is the greatest common factor of j and l?
1
Suppose -3*f + 11 = 2. Suppose m = -f*m + 20. Let u(v) = -v. Let q be u(-5). Calculate the greatest common factor of q and m.
5
Suppose -6*z + 19*z - 208 = 0. Let g be -4*1*(-1)/2. What is the greatest common divisor of z and g?
2
Let o = -5 + 27. Let f(v) = 3*v + 7. Let t be f(11). Let j = t - o. What is the greatest common divisor of 2 and j?
2
Suppose 0 = -8*w + 3*w + 80. Calculate the greatest common factor of 2 and w.
2
Let z(x) = x + 12. Let h be z(10). Suppose 4*j - h = -3*v - 2, -5*v + j + 18 = 0. Calculate the greatest common factor of 28 and v.
4
Suppose -2*o = -4*z + 3*z - 5, o + 1 = -3*z. Calculate the highest common divisor of o and 6.
2
Let k = -40 + 47. Calculate the highest common factor of 14 and k.
7
Let s be 41 + 4 + -1 + 1. Let g be s - (-2 - -4) - 1. Let t be ((-3)/(-2))/(6/112). Calculate the highest common factor of t and g.
14
Let a be (124/3)/(-4)*-33. Calculate the greatest common factor of 31 and a.
31
Suppose -5*x + 3*t = 1, -5*x - 2 - 14 = 2*t. Let n be (-2)/(-2*x/(-170)). Let u = 129 - 112. What is the greatest common divisor of u and n?
17
Let i(k) = -k**3 + 9*k**2 + 3*k - 20. Let g be i(9). Calculate the highest common factor of g and 77.
7
Let o be (-16)/12*-33 + -1. Let y = o + -21. What is the greatest common factor of y and 110?
22
Let i be 2*1 + (-6 - -6). Let d be (-195)/(-9) - i/(-6). Suppose 5*p - 8 - d = 0. Calculate the highest common factor of p and 42.
6
Let z = 52 + -24. Let i be ((-3)/6)/(3/36). Let d be (i/(-7))/(1/49). What is the greatest common divisor of d and z?
14
Let c(t) = t + 23. Let v be c(0). Suppose 42 + v = 5*h. Calculate the greatest common divisor of 13 and h.
13
Suppose -l + 236 + 28 = 0. Calculate the greatest common factor of l and 24.
24
Let m(z) = 145*z**2 + 2. Let h be m(-2). Suppose -h = -4*f - 54. Suppose 4 = 2*d, -16 = -4*y + 3*y - 2*d. Calculate the greatest common factor of f and y.
12
Let q(x) = -3*x + 4. Let h be q(-8). Suppose -4*n = -5*w - n + 712, w - 160 = 5*n. Calculate the greatest common factor of h and w.
28
Let h(l) be the third derivative of -l**6/120 + 2*l**5/15 + 7*l**4/24 + 3*l**3/2 - 2*l**2. Let i be h(8). Calculate the highest common factor of i and 26.
13
Let l(m) = -m**3 + 5*m**2 - 9. Let k be l(4). What is the highest common factor of k and 77?
7
Let s = -34 + 67. Calculate the greatest common divisor of s and 165.
33
Let h be 3074/8 - 4/16. What is the highest common divisor of 12 and h?
12
Let z be -1 - (-6 + 3 + -1). Suppose -z*o = -2*o - 48. What is the highest common divisor of o and 12?
12
Let k be (-3)/(-6) + (-5)/2. Let i(p) = 35*p**2 - 2*p. Let t be i(k). What is the highest common divisor of t and 18?
18
Suppose -k = 4*i + 2, -k - 4*k = 3*i - 7. Let o = 3 + k. Suppose -5*q - 7 = -17. Calculate the highest common factor of q and o.
1
Suppose 0 = -2*z - 2*u + 26, 0*u + 3*u = -2*z + 30. What is the greatest common factor of 18 and z?
9
Let l(k) = -4 - 2*k + 3 - 4*k. Let h be l(-1). Suppose -4*d + 1300 = h*p + 459, p - 1046 = -5*d. What is the greatest common factor of 19 and d?
19
Let i(h) = 3*h**3 + 7*h - 2 + 0*h**3 - h**3 - 3*h**3. Let a be i(-5). What is the greatest common factor of a and 11?
11
Suppose 4*z + 6*y - 57 = 3*y, -2*z + 3*y = -15. Let v = z + -3. Calculate the greatest common divisor of 81 and v.
9
Let y = 12 - 18. Let i be 5/(15/y) - 1. Let n be 84/((-6)/i - 1). What is the highest common factor of 12 and n?
12
Suppose 5*f - 3*x = 204, 6*x - 8 = 2*x. Let k = -28 + f. Calculate the greatest common divisor of 35 and k.
7
Let v be (36/(-10))/((-2)/5). Calculate the highest common factor of 36 and v.
9
Suppose 4 = 2*d, 42 = o + 4*d - 9*d. What is the greatest common factor of o and 26?
26
Let t(y) = -36*y - 4. Let r(w) = 35*w + 4. Let m(j) = 6*r(j) + 7*t(j). Let n be m(-2). What is the greatest common divisor of n and 16?
16
Let f(h) = 16*h - 6. Let i be f(6). What is the highest common divisor of i and 36?
18
Let k be 2/8 - 591/12. Let s = -34 - k. Let h be (18/s)/((-2)/(-60)). Calculate the greatest common factor of 4 and h.
4
Let w be 46/10 + (-3)/5. Suppose -406 = -w*d + 34. Let b = -3 + 13. Calculate the greatest common divisor of d and b.
10
Suppose -m = m + 8. Let w be (-240)/m*(-3)/(-6). What is the greatest common divisor of w and 10?
10
Let y be (-8)/(-3) + (-2)/3. Let m(h) = 8*h + y - 3*h + h**2 + 4. Let u be m(-6). Calculate the greatest common divisor of 8 and u.
4
Let b be ((-24)/15)/((-2)/5). Suppose 0 = 3*k - 2081 + 209. Let v be b/10 - k/(-15). Calculate the highest common factor of 6 and v.
6
Suppose 5*b - 2 = 4*b. Suppose -w + b*w - 5*d = -14, 2*w - d = 17. What is the greatest common divisor of w and 88?
11
Let j be (-28)/(-2) - (-1)/(-1). Calculate the highest common divisor of j and 52.
13
Suppose 4*u = -4*o + 132, -2*o = -0*o - 3*u - 81. Let m = -6 - -10. What is the greatest common factor of o and m?
4
Let m(l) = 2*l**2 - 7*l - 2. Let o be m(6). Suppose -19*s + 14 = -18*s. What is the highest common divisor of o and s?
14
Let x be 1/(-3 - 1324/(-440)). Calculate the highest common factor of 22 and x.
22
Let d = 18 - 10. What is the greatest common factor of d and 88?
8
Let h(p) = 2*p**2 + 8*p + 1. Let j be h(-10). Calculate the greatest common divisor of j and 11.
11
Suppose -4*m + 45 = -m. Let g be (-1 - -17)*m/20. What is the greatest common divisor of g and 132?
12
Suppose 5*u - 3*z - z = 6, 4*u = -3*z - 20. Let r(w) = -3*w - 3. Let h be r(u). Let c be 5*((-2)/(-5) + 2). Calculate the highest common factor of h and c.
3
Suppose 0 = -3*i + 2*h + 34, 0 + 2 = -i + 4*h. Suppose 4*q = 138 + 86. Calculate the greatest common divisor of q and i.
14
Let p(u) = -u + 5. Let d(l) = l - 10. Let b(n) = -3*d(n) - 5*p(n). Let x be b(-5). Let c be (48 - -2)*(-4)/x. Calculate the greatest common factor of 10 and c.
10
Let g be 12 + 0 - (2 + -1). Calculate the highest common divisor of 33 and g.
11
Suppose 5*r = -2*x + 1299, -9*r + 2*x - 255 = -10*r. Calculate the highest common factor of 29 and r.
29
Let b(y) = y**2 + 3*y + 1. Suppose 4*w - 5*r + 12 = -6*r, -4*w - 5*r = 28. Let c be b(w). Let d be (c - 6/9)*-9. What is the highest common divisor of d and 45?
15
Let i(j) = 9*j**3 - j. Let a be i(-1). Let m(p) = p**3 + 7*p**2 - 10*p - 9. Let d be m(a). Let q = 93 + -72. What is the highest common factor of d and q?
7
Suppose 15 = 4*v - 25. Let o be 0 + 10/(-45) + 632/9. What is the greatest common factor of v and o?
10
Suppose -5*v - 2*a = -55, 2 = -2*v + 2*a + 2*a. Calculate the highest common divisor of 117 and v.
9
Let n(j) = 36*j**2 + j - 1. Let v be 8/(-4) - -3*1. Let b be n(v). What is the highest common factor of b and 9?
9
Let y(l) = -2*l**3 + l + 1. Let m be y(-1). Let o = 1 - -2. Suppose -m*z - 2*p = 0, 2*p - p = -o*z + 10. Calculate the highest common factor of 5 and z.
5
Let a(y) = -y**3 + 6*y**2 + 8*y - 5. Let l be a(7). Suppose -b + 48 = 2*q - 2*b, -b + 48 = l*q. What is the greatest common divisor of q and 16?
8
Let s(j) = 5*j - 35. Let b be s(15). Calculate the greatest common divisor of b and 8.
8
Let p(x) = x**3 + 4*x**2 + 5*x + 4. Let t be p(-3). Let m be t - (-104)/((-16)/(-4)). What is the greatest common divisor of 8 and m?
8
Let q = -11 - -12. What is the highest common divisor of 3 and q?
1
Let v = 25 + 35. What is the greatest common divisor of v and 15?
15
Suppose -4*x - 3 = -15. Suppose -4*h - 5*f = -44, x*h - 26 = -2*h + f. What is the highest common divisor of h and 18?
6
Let f(a) = a**3 + 11*a**2 + 13*a + 3. Let x 